on factor of 212 and 20299.
53
What is the highest common divisor of 154 and 98?
14
What is the greatest common divisor of 151 and 32465?
151
What is the highest common divisor of 10 and 432?
2
What is the greatest common divisor of 115 and 138?
23
What is the greatest common divisor of 2212 and 42?
14
Calculate the highest common divisor of 4515 and 405.
15
What is the highest common divisor of 3094 and 154?
14
What is the greatest common factor of 640 and 400?
80
What is the highest common divisor of 27 and 42?
3
What is the greatest common factor of 58 and 2?
2
Calculate the greatest common factor of 10 and 795.
5
Calculate the greatest common divisor of 584 and 8.
8
What is the greatest common factor of 169 and 1?
1
What is the highest common divisor of 33 and 309?
3
What is the greatest common divisor of 387 and 9?
9
What is the highest common divisor of 132 and 600?
12
Calculate the highest common factor of 24 and 92856.
24
Calculate the highest common divisor of 2480 and 93.
31
What is the highest common factor of 279 and 9?
9
What is the highest common factor of 15 and 255?
15
Calculate the greatest common factor of 6 and 678.
6
Calculate the greatest common factor of 5 and 135.
5
Calculate the greatest common factor of 16 and 472.
8
Calculate the greatest common factor of 552 and 912.
24
What is the highest common divisor of 93 and 9?
3
Calculate the highest common factor of 81 and 18.
9
Calculate the greatest common divisor of 90 and 70.
10
What is the greatest common factor of 680 and 30?
10
Calculate the greatest common divisor of 121 and 44.
11
What is the greatest common factor of 22 and 28666?
22
What is the greatest common divisor of 15 and 8?
1
Calculate the highest common divisor of 500 and 36625.
125
Calculate the highest common divisor of 132 and 2684.
44
Calculate the highest common factor of 406 and 672.
14
Calculate the greatest common factor of 75 and 1025.
25
Calculate the highest common factor of 536 and 5695.
67
What is the greatest common divisor of 506 and 1104?
46
Calculate the greatest common factor of 32 and 80.
16
What is the highest common factor of 130 and 195?
65
Calculate the greatest common divisor of 16 and 184.
8
What is the greatest common factor of 3 and 21?
3
What is the highest common divisor of 1080 and 3630?
30
What is the greatest common factor of 1435 and 140?
35
What is the highest common factor of 495 and 9?
9
Calculate the highest common divisor of 1071 and 51.
51
What is the highest common factor of 576 and 3312?
144
What is the greatest common divisor of 14 and 987?
7
Calculate the greatest common factor of 9 and 57.
3
What is the greatest common factor of 126 and 156?
6
Calculate the greatest common divisor of 123 and 41.
41
Calculate the highest common factor of 2220 and 75.
15
What is the highest common factor of 95 and 5?
5
Calculate the highest common factor of 28500 and 95.
95
What is the greatest common divisor of 62 and 279?
31
Calculate the highest common divisor of 624 and 78.
78
What is the greatest common factor of 26144 and 456?
152
Calculate the highest common divisor of 54 and 24.
6
What is the greatest common divisor of 1952 and 176?
16
What is the highest common divisor of 28 and 308?
28
What is the greatest common divisor of 184 and 808?
8
What is the highest common divisor of 13 and 949?
13
Calculate the highest common factor of 1015 and 20.
5
Calculate the greatest common factor of 6153 and 42.
21
What is the highest common divisor of 136 and 16?
8
What is the greatest common factor of 4250 and 306?
34
Calculate the greatest common divisor of 5 and 340.
5
Calculate the highest common divisor of 26 and 20020.
26
Calculate the highest common factor of 363 and 297.
33
Calculate the greatest common divisor of 1745 and 5.
5
What is the greatest common factor of 5154 and 6?
6
What is the highest common divisor of 34 and 1258?
34
Calculate the highest common divisor of 39 and 897.
39
What is the greatest common factor of 23 and 1794?
23
Calculate the greatest common divisor of 30 and 435.
15
What is the highest common factor of 95 and 38?
19
Calculate the highest common factor of 4660 and 20.
20
What is the greatest common divisor of 145 and 40?
5
What is the highest common factor of 7 and 1792?
7
Calculate the highest common factor of 45 and 5055.
15
What is the highest common divisor of 39 and 24?
3
What is the highest common divisor of 63 and 147?
21
What is the greatest common factor of 10 and 10?
10
What is the highest common divisor of 200 and 150?
50
What is the greatest common factor of 189 and 54?
27
What is the greatest common factor of 2160 and 32?
16
Calculate the greatest common divisor of 50 and 30.
10
Calculate the greatest common divisor of 97 and 119892.
97
Calculate the highest common factor of 9 and 96.
3
What is the highest common factor of 1332 and 48?
12
Calculate the highest common factor of 150 and 2010.
30
Calculate the greatest common factor of 3920 and 240.
80
Calculate the greatest common factor of 4425 and 59.
59
Calculate the highest common divisor of 8 and 14408.
8
What is the greatest common divisor of 3468 and 68?
68
Calculate the greatest common divisor of 32 and 992.
32
What is the greatest common divisor of 10 and 290?
10
What is the greatest common divisor of 342 and 76?
38
What is the highest common factor of 2407 and 166?
83
What is the highest common factor of 142 and 17040?
142
What is the highest common divisor of 122 and 2?
2
What is the greatest common divisor of 267 and 3?
3
Calculate the greatest common divisor of 63 and 42.
21
Calculate the greatest common divisor of 25513 and 31.
31
Calculate the highest common factor of 4 and 324.
4
Calculate the greatest common factor of 52 and 117.
13
Calculate the greatest common divisor of 126 and 90.
18
Calculate the highest common divisor of 30 and 40.
10
What is the greatest common factor of 162 and 675?
27
Calculate the greatest common factor of 196 and 28.
28
Calculate the greatest common divisor of 31 and 9827.
31
What is the highest common divisor of 33 and 77?
11
Calculate the highest common factor of 4990 and 20.
10
What is the highest common factor of 2 and 7292?
2
What is the highest common divisor of 26 and 533?
13
What is the highest common divisor of 1020 and 24?
12
Calculate the highest common factor of 216 and 7512.
24
What is the highest common factor of 270 and 240?
30
Calculate the highest common factor of 36 and 171.
9
Calculate the greatest common factor of 18 and 63.
9
What is the greatest common factor of 5572 and 56?
28
What is the highest common factor of 342 and 5206?
38
What is the highest common divisor of 96 and 224?
32
What is the greatest common divisor of 780 and 4260?
60
What is the highest common divisor of 85 and 85?
85
Calculate the highest common factor of 5359 and 23.
23
What is the highest common factor of 212 and 4982?
106
Calculate the highest common factor of 637 and 156.
13
Calculate the highest common factor of 88 and 110.
22
Calculate the greatest common divisor of 255 and 2720.
85
Calculate the greatest common factor of 656 and 82.
82
What is the greatest common factor of 290 and 70?
10
Calculate the highest common factor of 72 and 96.
24
Calculate the greatest common factor of 5 and 1.
1
Calculate the highest common factor of 1488 and 93.
93
Calculate the highest common factor of 768 and 18688.
256
What is the greatest common factor of 1273 and 19?
19
What is the greatest common divisor of 182 and 1066?
26
Calculate the greatest common factor of 154 and 34958.
154
What is the highest common divisor of 17465 and 7?
7
What is the highest common factor of 9 and 4311?
9
What is the greatest common divisor of 534 and 1780?
178
What is the highest common factor of 42 and 714?
42
What is the greatest common factor of 483 and 345?
69
Calculate the greatest common factor of 555 and 14097.
111
What is the greatest common divisor of 30 and 2370?
30
What is the greatest common factor of 50 and 10?
10
What is the greatest common divisor of 713 and 115?
23
Calculate the highest common divisor of 14905 and 55.
55
Calculate the highest common divisor of 45 and 555.
15
Calculate the greatest common divisor of 2201 and 142.
71
What is the highest common diviso